isor of 2629 and 11?
11
What is the greatest common factor of 144 and 48?
48
What is the greatest common factor of 124 and 34844?
124
What is the highest common factor of 154 and 28?
14
What is the greatest common factor of 75 and 50?
25
Calculate the highest common divisor of 28 and 5523.
7
What is the greatest common factor of 21 and 28?
7
What is the greatest common factor of 240 and 15?
15
What is the greatest common factor of 10244 and 104?
52
Calculate the highest common factor of 80 and 48.
16
What is the highest common factor of 4267 and 85?
17
What is the highest common factor of 133 and 14?
7
Calculate the highest common factor of 270 and 390.
30
What is the greatest common divisor of 415 and 2988?
83
What is the greatest common factor of 725 and 87?
29
What is the highest common divisor of 195 and 12?
3
What is the greatest common factor of 3432 and 96?
24
What is the highest common divisor of 495 and 45?
45
What is the highest common factor of 3 and 312?
3
What is the greatest common factor of 8704 and 85?
17
What is the highest common factor of 105 and 28?
7
Calculate the highest common divisor of 14 and 61726.
14
Calculate the greatest common factor of 799 and 17.
17
What is the highest common factor of 42 and 56?
14
Calculate the greatest common factor of 38 and 646.
38
What is the greatest common factor of 122 and 488?
122
Calculate the greatest common factor of 1178 and 608.
38
What is the greatest common factor of 7882 and 42?
14
Calculate the greatest common factor of 52 and 1404.
52
Calculate the greatest common factor of 10665 and 135.
135
What is the greatest common divisor of 196 and 1519?
49
Calculate the highest common factor of 10 and 70.
10
What is the highest common factor of 1261 and 291?
97
Calculate the greatest common divisor of 8 and 2504.
8
What is the highest common divisor of 9414 and 18?
18
What is the greatest common factor of 24 and 174?
6
What is the greatest common divisor of 94 and 893?
47
Calculate the highest common factor of 804 and 96.
12
What is the highest common divisor of 12 and 30?
6
What is the greatest common factor of 291 and 5917?
97
Calculate the highest common factor of 85 and 2006.
17
What is the greatest common factor of 75 and 800?
25
What is the greatest common factor of 77 and 11?
11
Calculate the highest common factor of 71982 and 258.
258
What is the greatest common factor of 2197 and 1352?
169
Calculate the greatest common divisor of 162 and 270.
54
Calculate the greatest common divisor of 25811 and 53.
53
Calculate the greatest common factor of 60 and 7520.
20
What is the greatest common divisor of 1560 and 6?
6
What is the highest common divisor of 225 and 144?
9
Calculate the highest common factor of 24045 and 315.
105
Calculate the greatest common divisor of 297 and 22.
11
What is the greatest common divisor of 86 and 66478?
86
Calculate the highest common factor of 63 and 243.
9
What is the highest common factor of 10 and 40?
10
What is the greatest common factor of 2 and 220?
2
Calculate the greatest common factor of 34 and 122.
2
What is the highest common divisor of 67 and 9045?
67
Calculate the greatest common divisor of 1184 and 888.
296
What is the greatest common divisor of 135 and 5?
5
What is the highest common factor of 1313 and 505?
101
Calculate the greatest common divisor of 440 and 248.
8
Calculate the greatest common factor of 60 and 3188.
4
Calculate the highest common factor of 195 and 2080.
65
What is the highest common divisor of 20 and 832?
4
What is the greatest common divisor of 50 and 225?
25
What is the highest common divisor of 1224 and 72?
72
Calculate the highest common divisor of 8 and 392.
8
What is the greatest common factor of 133 and 247?
19
What is the greatest common divisor of 46 and 25507?
23
Calculate the greatest common divisor of 111 and 518.
37
What is the highest common divisor of 144 and 198?
18
Calculate the greatest common factor of 76 and 266.
38
What is the greatest common factor of 56 and 7532?
28
What is the greatest common divisor of 10 and 835?
5
What is the highest common factor of 464 and 304?
16
Calculate the highest common divisor of 512 and 352.
32
What is the highest common factor of 539 and 49?
49
Calculate the greatest common factor of 16 and 10376.
8
What is the highest common divisor of 11 and 275?
11
What is the greatest common divisor of 17 and 10727?
17
Calculate the greatest common divisor of 1696 and 53.
53
Calculate the greatest common divisor of 174 and 3596.
58
Calculate the highest common factor of 15 and 14.
1
What is the highest common divisor of 12 and 258?
6
What is the highest common factor of 52 and 676?
52
What is the greatest common divisor of 34 and 2550?
34
Calculate the highest common divisor of 2169 and 9.
9
Calculate the highest common divisor of 35 and 135.
5
What is the greatest common factor of 164 and 779?
41
Calculate the highest common factor of 500 and 75.
25
Calculate the greatest common factor of 1044 and 29.
29
What is the highest common factor of 187 and 1089?
11
What is the greatest common factor of 8309 and 7?
7
What is the greatest common divisor of 9 and 8955?
9
What is the highest common factor of 1315 and 10?
5
What is the greatest common factor of 37884 and 82?
82
What is the greatest common divisor of 54 and 12?
6
Calculate the greatest common factor of 1017 and 9.
9
What is the highest common factor of 72 and 56?
8
What is the highest common factor of 88 and 8888?
88
Calculate the greatest common divisor of 4 and 68.
4
Calculate the greatest common factor of 24 and 4548.
12
What is the highest common factor of 147 and 21?
21
What is the highest common divisor of 46 and 207?
23
Calculate the highest common factor of 232 and 58.
58
Calculate the greatest common divisor of 12 and 1170.
6
Calculate the highest common divisor of 96 and 864.
96
Calculate the highest common factor of 86 and 9675.
43
What is the greatest common divisor of 808 and 1414?
202
What is the highest common divisor of 48453 and 93?
93
What is the greatest common divisor of 80 and 50?
10
Calculate the highest common factor of 288 and 64.
32
Calculate the greatest common divisor of 160 and 64.
32
What is the highest common factor of 32 and 96?
32
What is the highest common divisor of 12265 and 220?
55
Calculate the highest common divisor of 1937 and 65.
13
What is the highest common divisor of 30 and 320?
10
What is the highest common factor of 1355 and 10?
5
What is the highest common factor of 1188 and 176?
44
What is the highest common divisor of 32 and 144?
16
Calculate the highest common divisor of 95 and 1007.
19
Calculate the highest common divisor of 9308 and 156.
52
What is the greatest common divisor of 104 and 3458?
26
What is the highest common divisor of 527 and 1953?
31
What is the highest common divisor of 560 and 160?
80
Calculate the highest common divisor of 2985 and 10.
5
What is the highest common divisor of 10 and 655?
5
What is the greatest common factor of 9120 and 4?
4
Calculate the highest common factor of 161 and 392.
7
What is the greatest common factor of 296 and 24?
8
Calculate the greatest common factor of 3440 and 80.
80
Calculate the highest common factor of 5269 and 11.
11
What is the highest common divisor of 817 and 38?
19
Calculate the greatest common divisor of 1216 and 4028.
76
Calculate the greatest common divisor of 1205 and 10.
5
Calculate the highest common divisor of 11371 and 83.
83
What is the greatest common factor of 5967 and 1105?
221
What is the greatest common factor of 490 and 10?
10
What is the greatest common factor of 72 and 684?
36
Calculate the highest common divisor of 481 and 39.
13
Calculate the highest common divisor of 1595 and 87.
29
Calculate the greatest common factor of 980 and 20.
20
What is the highest common divisor of 105 and 120?
15
Calculate the greatest common divisor of 558 and 12462.
186
Calculate the highest common divisor of 497 and 284.
71
What is the highest common divisor of 30 and 33?
3
What is the greatest common divisor of 3342 and 6?
6
What is the highest common divisor of 221 and 357?
17
What is the highest common factor of 126 and 896?
14
What is the greatest common factor of 27 and 108?
27
What is the highest common fac